 = 6*f + 4*f - 7 - 12*f + f**3 - 5*f**2. Let z be v(6). Suppose -46 = z*i - 18*i. List the prime factors of i.
2, 23
Suppose v + 5148 = b, -2*b - 6*v + 10302 = -11*v. What are the prime factors of b?
2, 31, 83
Let k(y) = 33*y**3 - 6*y**2 - 2*y - 3. Let n(a) = 67*a**3 - 11*a**2 - 3*a - 5. Let i(b) = -5*k(b) + 3*n(b). Let t = 1152 - 1151. List the prime factors of i(t).
2, 17
Let x be (-11)/(44/(-24)) - -4. Suppose -371 + 2601 = x*b. What are the prime factors of b?
223
Let x be (26/4)/((-15)/270). What are the prime factors of (2/6)/((-13)/x)?
3
Suppose 5*o + 252 = y, -2*y - 3*o = o - 476. Let r = 649 - y. List the prime factors of 2/(-8) + r/44.
3
Let r = 1095 + -965. What are the prime factors of r?
2, 5, 13
Suppose -44*o + 113427 = 5319. What are the prime factors of o?
3, 7, 13
Let i = -4 + 3. Let u(f) = -f**3 + f - 1. Let n(d) = -7*d**3 - 2*d**2 + 10*d - 11. Let j(l) = i*n(l) + 5*u(l). What are the prime factors of j(3)?
3, 7
Let r = -2 + 4. Suppose -5*n + 161 = -d, -4*d - r = 2*n - 84. What are the prime factors of n?
3, 11
Let d(m) = -5*m - 5. Let c be d(-5). Suppose x = -5*u + 3 + 1, 0 = 2*u + 5*x - c. Suppose -5*o + 66 = -2*q - u, o + q - 9 = 0. What are the prime factors of o?
2, 3
Suppose d + z - 13 = 4*z, 4*z = -5*d + 8. Suppose -4*u = d + 4. List the prime factors of (u/3)/((-2)/36).
2, 3
Let l(y) = y**2 - y + 3. Let o be l(-3). Let f = -13 + o. Suppose t - f = -0. What are the prime factors of t?
2
Suppose -38*r = 12*r - 82400. List the prime factors of r.
2, 103
Suppose 5*a + 75 + 50 = 0. Let g = 36 + a. List the prime factors of g.
11
Let l(p) = -p**2 + 0*p**2 + 134*p**3 - 5*p**2 - 3 - 135*p**3. List the prime factors of l(-7).
2, 23
Suppose -42*h + 114627 = -39009. List the prime factors of h.
2, 31, 59
What are the prime factors of (-7167)/(-9) - 4/(-6)?
797
Let y(s) = s - 26. Let u be y(14). What are the prime factors of 18/(-3)*34/u?
17
Suppose 2*l + 2*l = 8. Suppose 0 = -3*k + l*o + 17, k + k - 5*o = 26. Suppose k - 57 = -2*v. What are the prime factors of v?
3
Let t be (-174)/54 - (-1)/((-9)/(-2)). What are the prime factors of (-310)/(-2) + (-5 - 9/t)?
3, 17
Suppose -2607 = -5*n + 4*v, -v + 2389 = 5*n - 228. What are the prime factors of n?
523
Suppose 0 = -s - 3*s - 4. What are the prime factors of (834/(-10))/s - 3/(-5)?
2, 3, 7
What are the prime factors of (-11484)/(-6) - (1 + 4)?
23, 83
Let w(r) = 10*r**2 + 2*r - 6. What are the prime factors of w(-3)?
2, 3, 13
Let w(a) = 4*a - 17. Suppose -32 = -5*i + 4*k, -2*k + 3 = -1. Let s be w(i). List the prime factors of (-6)/s - 47/(-5).
3
Let u = -775 - -1152. What are the prime factors of u?
13, 29
Suppose -3*l = 4*i + 1, 2*i - 8 + 4 = 0. What are the prime factors of 56 + (l + 0)/(-3)?
3, 19
Suppose -3*y + 1310 = -346. Suppose 3*d = 11*d - y. List the prime factors of d.
3, 23
Let v be (12/1)/(-1 - -3). What are the prime factors of 1071/5 - v/30?
2, 107
Let d(c) = -c**3 - 13*c**2 - 4*c - 32. Let h be d(-13). Let k(p) = -p**2 + 4*p + 5. Let f be k(5). Suppose -8*g + 4*g + h = f. List the prime factors of g.
5
Suppose -2*m = -173 - 59. Suppose 8*i = 1276 + m. What are the prime factors of i?
2, 3, 29
Suppose -147*q + 144*q + 13239 = 0. List the prime factors of q.
3, 1471
Let j be (-1 - -1)/(3 - 5). Let v be -1 - 1 - (9 - j). Let m = 37 + v. What are the prime factors of m?
2, 13
Let c(h) = -h**3 - 20*h**2 - 41*h - 27. What are the prime factors of c(-21)?
3, 5, 17
Suppose 2*a - 319 = -35. What are the prime factors of (a*(-1)/(-4))/((-7)/(-14))?
71
Suppose r - 77 = 4*z, r = -3*r + 5*z + 297. Suppose 5*s - x - 116 = 0, 2*s = -s + 4*x + r. What are the prime factors of s?
23
Suppose 2*v + 28 + 12 = 2*s, s - 16 = -v. Suppose 3*l + 51 = 3*y, 3*y + 3*l + 10 = 79. Let w = s + y. List the prime factors of w.
2, 19
Let j(w) = 6*w**2. Suppose 3*i = g - 14, 5*g - 14 = -i + 2*i. Let c be j(g). Let n = -14 + c. List the prime factors of n.
2, 5
Let o(h) be the first derivative of 3/2*h**2 - 3 + 6*h. List the prime factors of o(5).
3, 7
Let m be (-5)/20 - (-2)/8. Let r(u) = -u**3 - u**2. Let o(q) = -3*q**3 - 3*q**2 - 11. Let b(y) = -o(y) + 2*r(y). What are the prime factors of b(m)?
11
Let c(h) = -1 - h**3 + 4*h**2 - 1 - h + 0*h**3. Let x be (-7 + 1)/(38 - 40). What are the prime factors of c(x)?
2
Let l = 646 + -285. What are the prime factors of l?
19
Suppose 0 = 7*h + 50 - 8. Let p(o) = o**3 + 11*o**2 - 6*o + 9. What are the prime factors of p(h)?
3, 5
Let f(x) = x**2 + 8*x + 6. Let y be f(-5). Let g(o) = 15*o + 3. Let t(u) = 4*u. Let w(a) = 3*g(a) - 12*t(a). List the prime factors of w(y).
2, 3
Let a be -2 + (-9)/(-3) + 0. Let t(c) = 127*c**2 - c + 1. List the prime factors of t(a).
127
Let y(z) = -5*z**3 + 6*z**2 - 7*z + 1. Let x(t) = -4*t**3 + 6*t**2 - 6*t + 1. Let c(n) = 4*x(n) - 3*y(n). Let p = 2 + 1. List the prime factors of c(p).
19
Suppose -3*x - 1385 + 173 = 0. What are the prime factors of x/(-7) - (-4)/14?
2, 29
Let a = 8 + -3. Suppose a*g = -3*r + 58, -3 = -5*g + 3*r + 49. Suppose g - 24 = -y. List the prime factors of y.
13
Let b(t) = 2*t + 10. Let f be b(-5). Suppose -g = -f*g - 42. Suppose 7*v - g = 5*v. List the prime factors of v.
3, 7
Suppose 4*q = 5*d - 3*d - 382, -4*d + 4*q = -780. Let w = d - 119. List the prime factors of w.
2, 5
Let y(f) = f**2 + 7*f - 2. Let j be y(-7). Let z be (-2)/4 - 9/j. Suppose z*s - 125 - 43 = 5*u, 4*u = 4*s - 168. What are the prime factors of s?
2, 3, 7
Suppose z - 5*u + 22 = 0, 2*z + 3*u = 2*u - 22. What are the prime factors of z*(225/(-70))/((-4)/(-14))?
3, 5
Suppose 5*p - 9*m = -7*m + 10541, 0 = -5*p - m + 10547. What are the prime factors of p?
3, 19, 37
Let n = -459 - -836. List the prime factors of n.
13, 29
Let x(y) = 8*y - 21. Let j be x(-8). Let z = j + 155. What are the prime factors of z?
2, 5, 7
Let h(o) = 32*o**3 + o**2 - 2*o + 1. Let w be h(1). Suppose -25*y + w*y = 1554. List the prime factors of y.
2, 3, 37
Let y(x) = 1. Let w be (6/(-2) - -5)/1. Let h(d) = -d**2 - 2*d + 6. Let z(u) = w*y(u) - h(u). What are the prime factors of z(3)?
11
Let s(l) = 4 + 29 - 1 - l**2 + l + 0*l**2. Let r be 4/24 - (-3)/(-18). List the prime factors of s(r).
2
Suppose 9*l - 8*l - 88 = 0. Suppose 4 = -2*i + l. What are the prime factors of i?
2, 3, 7
Let a = 613 - 313. What are the prime factors of a?
2, 3, 5
Suppose -19*p + 20*p = -k + 460, -5*p + 20 = 0. List the prime factors of k.
2, 3, 19
Let p be 2 - (-2 + (2 - 1)). Suppose 0 = p*o - 32 + 5. Let w(m) = m + 10. List the prime factors of w(o).
19
Let h be -34*(27 - 5)/(-1). Suppose 7*t + 3*s - 185 = 6*t, -4*s + h = 4*t. What are the prime factors of t?
2, 47
Suppose -4*n + 9 = -n. Suppose n*r + 2*r = -2*l + 417, -l = -3*r + 248. Suppose 4*j - 2*u = 2*j + 54, -3*j = -u - r. List the prime factors of j.
2, 7
Suppose -u - 6 = -3*u. Suppose 54 = -a + u*o, -3*o + 192 = -3*a - 0*o. Let l = -45 - a. What are the prime factors of l?
2, 3
Suppose 3*n + 3 = 15. Let q(v) = -v**2 + 5*v**2 - v**2 + v**3 - n*v**2 + 1 - v. List the prime factors of q(3).
2
Let s = -3 - -11. Suppose -s*v = -13*v + 190. What are the prime factors of v?
2, 19
Let r = 12 + -7. Suppose 6 = 3*m + 2*k, 8*k = 3*m + r*k - 21. Suppose -2*a + 139 + 201 = 5*i, -m*i + 305 = -5*a. What are the prime factors of i?
2, 5, 7
Let j(s) = 39*s - 8. Let g be j(3). Let d = -37 + g. What are the prime factors of d?
2, 3
Let o(t) be the third derivative of -7*t**4/24 - 67*t**3/6 + 42*t**2. List the prime factors of o(-20).
73
Let t(l) = -26*l**3 + l**2 + l - 1. Let z be t(1). Let a = z - -51. What are the prime factors of a?
2, 13
Suppose 16*d = 51973 + 27307. List the prime factors of d.
5, 991
Let j(v) = v**3 - 17*v**2 - 28*v + 32. Let l(w) = -w**3 - 2*w**2 - 3*w + 19. Let o be l(0). List the prime factors of j(o).
2, 3, 37
Let l = 0 + 6. Suppose -l*a = -a - 310. What are the prime factors of a?
2, 31
Let b(n) = -8*n - 18. Let p be b(-5). Let i = -17 - -10. Let t = i + p. List the prime factors of t.
3, 5
Suppose -9 = y - 4*y. Suppose -v + 0*v = -y. List the prime factors of 3/((-9)/(-123)) - v.
2, 19
Suppose -20 = 4*p, -17*h + 4*p - 1724 = -21*h. What are the prime factors of h?
2, 109
Suppose -4*r = -5*t + 17, -3*t + 33 = 5*r + 8. Suppose -a - 4*j + 0*j + 56 = 0, -26 = -a + r*j. List the prime factors of a.
2, 3
Let c = 278 - 34